{"id":1142,"date":"2021-03-12T12:10:11","date_gmt":"2021-03-12T11:10:11","guid":{"rendered":"https:\/\/vii-lo.krakow.pl\/?page_id=1142"},"modified":"2021-03-12T12:10:11","modified_gmt":"2021-03-12T11:10:11","slug":"materialy-psychoedukacyjne-dla-rodzicow","status":"publish","type":"page","link":"https:\/\/vii-lo.krakow.pl\/?page_id=1142","title":{"rendered":"Materia\u0142y psychoedukacyjne dla rodzic\u00f3w"},"content":{"rendered":"<h3>Materia\u0142y psychoedukacyjne dla rodzic\u00f3w<\/h3>\n<ul>\n<li><a href=\"https:\/\/www.youtube.com\/watch?v=SxGW_mcTti0\" target=\"_blank\" rel=\"nofollow noopener\">Kilkana\u015bcie ma\u0142ych sposob\u00f3w na motywacj\u0119 ucznia<\/a><\/li>\n<li><a href=\"https:\/\/www.ore.edu.pl\/wp-content\/plugins\/download-attachments\/includes\/download.php?id=27550\" target=\"_blank\" rel=\"nofollow noopener\">Rola rodziny i os\u00f3b bliskich w promocji zdrowia psychicznego i w zapobieganiu zachowaniom autodestrukcyjnym u m\u0142odzie\u017cy. Poradnik dla rodzic\u00f3w<\/a><\/li>\n<li><a href=\"https:\/\/forumprzeciwdepresji.pl\/nastoletnia-depresja\/strefa-rodzica\" target=\"_blank\" rel=\"nofollow noopener\">Nastoletnia depresja<\/a><\/li>\n<li><a href=\"http:\/\/poradnia2krakow.pl\/akt_54\/\" target=\"_blank\" rel=\"nofollow noopener\">Jak radzi\u0107 sobie ze z\u0142o\u015bci\u0105?<\/a><\/li>\n<li><a href=\"http:\/\/rodzicewedukacji.pl\/\" target=\"_blank\" rel=\"nofollow noopener\">Portal Rodzice w Edukacji<\/a><\/li>\n<li><a href=\"http:\/\/rodzinny-krakow.pl\/\" target=\"_blank\" rel=\"nofollow noopener\">Portal Rodzinny Krak\u00f3w<\/a><\/li>\n<li><a href=\"https:\/\/rodziceprzyszlosci.pl\/\" target=\"_blank\" rel=\"nofollow noopener\">Fundacja Rodzice Przysz\u0142o\u015bci<\/a><\/li>\n<\/ul>\n","protected":false},"excerpt":{"rendered":"<p>Materia\u0142y psychoedukacyjne dla rodzic\u00f3w Kilkana\u015bcie ma\u0142ych sposob\u00f3w na motywacj\u0119 ucznia Rola rodziny i os\u00f3b bliskich w promocji zdrowia psychicznego i w zapobieganiu zachowaniom autodestrukcyjnym u&hellip;<\/p>\n","protected":false},"author":3,"featured_media":0,"parent":0,"menu_order":0,"comment_status":"closed","ping_status":"closed","template":"","meta":{"spay_email":""},"_links":{"self":[{"href":"https:\/\/vii-lo.krakow.pl\/index.php?rest_route=\/wp\/v2\/pages\/1142"}],"collection":[{"href":"https:\/\/vii-lo.krakow.pl\/index.php?rest_route=\/wp\/v2\/pages"}],"about":[{"href":"https:\/\/vii-lo.krakow.pl\/index.php?rest_route=\/wp\/v2\/types\/page"}],"author":[{"embeddable":true,"href":"https:\/\/vii-lo.krakow.pl\/index.php?rest_route=\/wp\/v2\/users\/3"}],"replies":[{"embeddable":true,"href":"https:\/\/vii-lo.krakow.pl\/index.php?rest_route=%2Fwp%2Fv2%2Fcomments&post=1142"}],"version-history":[{"count":2,"href":"https:\/\/vii-lo.krakow.pl\/index.php?rest_route=\/wp\/v2\/pages\/1142\/revisions"}],"predecessor-version":[{"id":2549,"href":"https:\/\/vii-lo.krakow.pl\/index.php?rest_route=\/wp\/v2\/pages\/1142\/revisions\/2549"}],"wp:attachment":[{"href":"https:\/\/vii-lo.krakow.pl\/index.php?rest_route=%2Fwp%2Fv2%2Fmedia&parent=1142"}],"curies":[{"name":"wp","href":"https:\/\/api.w.org\/{rel}","templated":true}]}}