{"id":1229,"date":"2021-03-17T19:36:51","date_gmt":"2021-03-17T18:36:51","guid":{"rendered":"https:\/\/vii-lo.krakow.pl\/?page_id=1229"},"modified":"2023-03-14T12:33:15","modified_gmt":"2023-03-14T11:33:15","slug":"egzamin-dsd-ii","status":"publish","type":"page","link":"https:\/\/vii-lo.krakow.pl\/?page_id=1229","title":{"rendered":"Egzamin DSD II"},"content":{"rendered":"\n<p>Egzamin DSD II jest egzaminem z j\u0119zyka niemieckiego na wysokim poziomie zawansowania (B2 lub C1). Jest to egzamin pa\u0144stwowy opracowany przez Zentralstelle f\u00fcr das Auslandsschulwesen (ZfA) w Bonn. Uzyskany certyfikat umo\u017cliwia podj\u0119cie studi\u00f3w wy\u017cszych w Niemczech bez obowi\u0105zku zdawania dodatkowych egzamin\u00f3w z j\u0119zyka niemieckiego oraz zwolnienie z lektoratu j\u0119zyka niemieckiego i z egzaminu z j\u0119zyka niemieckiego w polskich uczelniach.<\/p>\n\n\n\n<div class=\"wp-block-jetpack-tiled-gallery aligncenter is-style-rectangular\"><div class=\"tiled-gallery__gallery\"><div class=\"tiled-gallery__row\"><div class=\"tiled-gallery__col\" style=\"flex-basis:50%\"><figure class=\"tiled-gallery__item\"><img srcset=\"https:\/\/i1.wp.com\/vii-lo.krakow.pl\/wp-content\/uploads\/2021\/03\/Logo-DSD.jpg?strip=info&#038;w=600&#038;ssl=1 600w,https:\/\/i1.wp.com\/vii-lo.krakow.pl\/wp-content\/uploads\/2021\/03\/Logo-DSD.jpg?strip=info&#038;w=900&#038;ssl=1 900w,https:\/\/i1.wp.com\/vii-lo.krakow.pl\/wp-content\/uploads\/2021\/03\/Logo-DSD.jpg?strip=info&#038;w=1200&#038;ssl=1 1200w,https:\/\/i1.wp.com\/vii-lo.krakow.pl\/wp-content\/uploads\/2021\/03\/Logo-DSD.jpg?strip=info&#038;w=1280&#038;ssl=1 1280w\" alt=\"Logo egzamin DSD II\" data-height=\"720\" data-id=\"1232\" data-link=\"https:\/\/vii-lo.krakow.pl\/?attachment_id=1232\" data-url=\"https:\/\/vii-lo.krakow.pl\/wp-content\/uploads\/2021\/03\/Logo-DSD.jpg\" data-width=\"1280\" src=\"https:\/\/i1.wp.com\/vii-lo.krakow.pl\/wp-content\/uploads\/2021\/03\/Logo-DSD.jpg?ssl=1\" layout=\"responsive\"\/><\/figure><\/div><div class=\"tiled-gallery__col\" style=\"flex-basis:50%\"><figure class=\"tiled-gallery__item\"><img srcset=\"https:\/\/i1.wp.com\/vii-lo.krakow.pl\/wp-content\/uploads\/2021\/03\/Logo-DSD-partner.jpg?strip=info&#038;w=600&#038;ssl=1 600w,https:\/\/i1.wp.com\/vii-lo.krakow.pl\/wp-content\/uploads\/2021\/03\/Logo-DSD-partner.jpg?strip=info&#038;w=900&#038;ssl=1 900w,https:\/\/i1.wp.com\/vii-lo.krakow.pl\/wp-content\/uploads\/2021\/03\/Logo-DSD-partner.jpg?strip=info&#038;w=1200&#038;ssl=1 1200w,https:\/\/i1.wp.com\/vii-lo.krakow.pl\/wp-content\/uploads\/2021\/03\/Logo-DSD-partner.jpg?strip=info&#038;w=1280&#038;ssl=1 1280w\" alt=\"Logo DSD partner\" data-height=\"720\" data-id=\"1231\" data-link=\"https:\/\/vii-lo.krakow.pl\/?attachment_id=1231\" data-url=\"https:\/\/vii-lo.krakow.pl\/wp-content\/uploads\/2021\/03\/Logo-DSD-partner.jpg\" data-width=\"1280\" src=\"https:\/\/i1.wp.com\/vii-lo.krakow.pl\/wp-content\/uploads\/2021\/03\/Logo-DSD-partner.jpg?ssl=1\" layout=\"responsive\"\/><\/figure><\/div><\/div><\/div><\/div>\n\n\n\n<p>Grupie uczni\u00f3w przygotowuj\u0105cych si\u0119 do egzaminu DSD II oferujemy:<\/p>\n\n\n\n<ul><li>7 godzin j\u0119zyka niemieckiego w tygodniu (w tym jedn\u0105 godzin\u0119 z native speakerem z Niemiec oddelegowanym przez ZfA);<\/li><li>dost\u0119p do podr\u0119cznik\u00f3w i materia\u0142\u00f3w przygotowuj\u0105cych do egzaminu;<\/li><li>dodatkowy fakultet z j\u0119zyka niemieckiego w IV klasie;<\/li><li>przygotowanie do matury rozszerzonej z j\u0119zyka niemieckiego wed\u0142ug formatu obowi\u0105zuj\u0105cego od 2023 roku;<\/li><li>udzia\u0142 w wymianie zagranicznej (szko\u0142y partnerskie w Bonn i w Otterndorf);<\/li><li>wycieczki do kraj\u00f3w niemieckoj\u0119zycznych.<\/li><\/ul>\n\n\n\n<div class=\"wp-block-buttons is-content-justification-center\">\n<div class=\"wp-block-button\"><a class=\"wp-block-button__link\" href=\"https:\/\/vii-lo.krakow.pl\/?page_id=3126\" target=\"_blank\" rel=\"noreferrer noopener\">Galeria zdj\u0119\u0107 z programu DSD II w VII Liceum<\/a><\/div>\n<\/div>\n\n\n\n<div style=\"height:100px\" aria-hidden=\"true\" class=\"wp-block-spacer\"><\/div>\n","protected":false},"excerpt":{"rendered":"<p>Egzamin DSD II jest egzaminem z j\u0119zyka niemieckiego na wysokim poziomie zawansowania (B2 lub C1). Jest to egzamin pa\u0144stwowy opracowany przez Zentralstelle f\u00fcr das Auslandsschulwesen&hellip;<\/p>\n","protected":false},"author":3,"featured_media":0,"parent":0,"menu_order":0,"comment_status":"closed","ping_status":"closed","template":"","meta":{"spay_email":""},"_links":{"self":[{"href":"https:\/\/vii-lo.krakow.pl\/index.php?rest_route=\/wp\/v2\/pages\/1229"}],"collection":[{"href":"https:\/\/vii-lo.krakow.pl\/index.php?rest_route=\/wp\/v2\/pages"}],"about":[{"href":"https:\/\/vii-lo.krakow.pl\/index.php?rest_route=\/wp\/v2\/types\/page"}],"author":[{"embeddable":true,"href":"https:\/\/vii-lo.krakow.pl\/index.php?rest_route=\/wp\/v2\/users\/3"}],"replies":[{"embeddable":true,"href":"https:\/\/vii-lo.krakow.pl\/index.php?rest_route=%2Fwp%2Fv2%2Fcomments&post=1229"}],"version-history":[{"count":4,"href":"https:\/\/vii-lo.krakow.pl\/index.php?rest_route=\/wp\/v2\/pages\/1229\/revisions"}],"predecessor-version":[{"id":3188,"href":"https:\/\/vii-lo.krakow.pl\/index.php?rest_route=\/wp\/v2\/pages\/1229\/revisions\/3188"}],"wp:attachment":[{"href":"https:\/\/vii-lo.krakow.pl\/index.php?rest_route=%2Fwp%2Fv2%2Fmedia&parent=1229"}],"curies":[{"name":"wp","href":"https:\/\/api.w.org\/{rel}","templated":true}]}}