{"id":1633,"date":"2021-09-20T19:22:38","date_gmt":"2021-09-20T17:22:38","guid":{"rendered":"https:\/\/vii-lo.krakow.pl\/?page_id=1633"},"modified":"2021-09-20T20:58:08","modified_gmt":"2021-09-20T18:58:08","slug":"promocja-zdrowia","status":"publish","type":"page","link":"https:\/\/vii-lo.krakow.pl\/?page_id=1633","title":{"rendered":"Promocja zdrowia"},"content":{"rendered":"\n<div class=\"wp-block-file\"><a href=\"https:\/\/vii-lo.krakow.pl\/wp-content\/uploads\/2021\/09\/01.-Szlachetne-zdrowie-\u2013-rola-zachowan-prozdrowotnych-wspolczesnego-czlowieka.pdf\"><br>01. \u201dSzlachetne zdrowie\u201d \u2013 rola zachowa\u0144 prozdrowotnych wsp\u00f3\u0142czesnego cz\u0142owieka<\/a><a href=\"https:\/\/vii-lo.krakow.pl\/wp-content\/uploads\/2021\/09\/01.-Szlachetne-zdrowie-\u2013-rola-zachowan-prozdrowotnych-wspolczesnego-czlowieka.pdf\" class=\"wp-block-file__button\" download>Pobierz<\/a><\/div>\n\n\n\n<div class=\"wp-block-file\"><a href=\"https:\/\/vii-lo.krakow.pl\/wp-content\/uploads\/2021\/09\/02.-Jak-codzienna-aktywnosc-fizyczna-wplywa-na-nasze-zdrowie.pdf\">02. Jak codzienna aktywno\u015b\u0107 fizyczna wp\u0142ywa na nasze zdrowie<\/a><a href=\"https:\/\/vii-lo.krakow.pl\/wp-content\/uploads\/2021\/09\/02.-Jak-codzienna-aktywnosc-fizyczna-wplywa-na-nasze-zdrowie.pdf\" class=\"wp-block-file__button\" download>Pobierz<\/a><\/div>\n\n\n\n<div class=\"wp-block-file\"><a href=\"https:\/\/vii-lo.krakow.pl\/wp-content\/uploads\/2021\/09\/03.-Zasady-racjonalnego-odzywiania-sie-warunkiem-naszego-zdrowia.pdf\">03. Zasady racjonalnego od\u017cywiania si\u0119 warunkiem naszego zdrowia<\/a><a href=\"https:\/\/vii-lo.krakow.pl\/wp-content\/uploads\/2021\/09\/03.-Zasady-racjonalnego-odzywiania-sie-warunkiem-naszego-zdrowia.pdf\" class=\"wp-block-file__button\" download>Pobierz<\/a><\/div>\n\n\n\n<div class=\"wp-block-file\"><a href=\"https:\/\/vii-lo.krakow.pl\/wp-content\/uploads\/2021\/09\/04.-Witaminy-i-sole-mineralne-jako-zwiazki-niezbedne-do-prawidlowego-funkcjonowania-organizmu.pdf\">04. Witaminy i sole mineralne jako zwi\u0105zki niezb\u0119dne do prawid\u0142owego funkcjonowania organizmu<\/a><a href=\"https:\/\/vii-lo.krakow.pl\/wp-content\/uploads\/2021\/09\/04.-Witaminy-i-sole-mineralne-jako-zwiazki-niezbedne-do-prawidlowego-funkcjonowania-organizmu.pdf\" class=\"wp-block-file__button\" download>Pobierz<\/a><\/div>\n\n\n\n<div class=\"wp-block-file\"><a href=\"https:\/\/vii-lo.krakow.pl\/wp-content\/uploads\/2021\/09\/05.-Otylosc-nadwaga-anoreksja-bulimia-\u2013-zaburzenia-odzywiania..pdf\">05. Oty\u0142o\u015b\u0107, nadwaga, anoreksja, bulimia \u2013 zaburzenia od\u017cywiania.<\/a><a href=\"https:\/\/vii-lo.krakow.pl\/wp-content\/uploads\/2021\/09\/05.-Otylosc-nadwaga-anoreksja-bulimia-\u2013-zaburzenia-odzywiania..pdf\" class=\"wp-block-file__button\" download>Pobierz<\/a><\/div>\n\n\n\n<div class=\"wp-block-file\"><a href=\"https:\/\/vii-lo.krakow.pl\/wp-content\/uploads\/2021\/09\/06.-Cukrzyca-miazdzyca-nowotwory-\u2013-choroby-cywilizacyjne-XXI-wieku.pdf\">06. Cukrzyca, mia\u017cd\u017cyca, nowotwory \u2013 choroby cywilizacyjne XXI wieku<\/a><a href=\"https:\/\/vii-lo.krakow.pl\/wp-content\/uploads\/2021\/09\/06.-Cukrzyca-miazdzyca-nowotwory-\u2013-choroby-cywilizacyjne-XXI-wieku.pdf\" class=\"wp-block-file__button\" download>Pobierz<\/a><\/div>\n\n\n\n<div class=\"wp-block-file\"><a href=\"https:\/\/vii-lo.krakow.pl\/wp-content\/uploads\/2021\/09\/07.-Szczepienia-ochronne-warunkiem-odpornosci-populacyjnej.pdf\">07. Szczepienia ochronne warunkiem odporno\u015bci populacyjnej<\/a><a href=\"https:\/\/vii-lo.krakow.pl\/wp-content\/uploads\/2021\/09\/07.-Szczepienia-ochronne-warunkiem-odpornosci-populacyjnej.pdf\" class=\"wp-block-file__button\" download>Pobierz<\/a><\/div>\n\n\n\n<div class=\"wp-block-file\"><a href=\"https:\/\/vii-lo.krakow.pl\/wp-content\/uploads\/2021\/09\/08.-Zdrowie-psychiczne-czlowieka-depresja-jako-\u201ecichy-zabojca.pdf\">08. Zdrowie psychiczne cz\u0142owieka, depresja jako \u201ecichy zab\u00f3jca\u201d<\/a><a href=\"https:\/\/vii-lo.krakow.pl\/wp-content\/uploads\/2021\/09\/08.-Zdrowie-psychiczne-czlowieka-depresja-jako-\u201ecichy-zabojca.pdf\" class=\"wp-block-file__button\" download>Pobierz<\/a><\/div>\n\n\n\n<div class=\"wp-block-file\"><a href=\"https:\/\/vii-lo.krakow.pl\/wp-content\/uploads\/2021\/09\/09.-Jak-substancje-psychoaktywne-wplywaja-na-nasze-zdrowie.pdf\">09. Jak substancje psychoaktywne wp\u0142ywaj\u0105 na nasze zdrowie<\/a><a href=\"https:\/\/vii-lo.krakow.pl\/wp-content\/uploads\/2021\/09\/09.-Jak-substancje-psychoaktywne-wplywaja-na-nasze-zdrowie.pdf\" class=\"wp-block-file__button\" download>Pobierz<\/a><\/div>\n\n\n\n<div class=\"wp-block-file\"><a href=\"https:\/\/vii-lo.krakow.pl\/wp-content\/uploads\/2021\/09\/10.-Jak-radzic-sobie-ze-stresem-we-wspolczesnym-swiecie.pdf\">10. Jak radzi\u0107 sobie ze stresem we wsp\u00f3\u0142czesnym \u015bwiecie<\/a><a href=\"https:\/\/vii-lo.krakow.pl\/wp-content\/uploads\/2021\/09\/10.-Jak-radzic-sobie-ze-stresem-we-wspolczesnym-swiecie.pdf\" class=\"wp-block-file__button\" download>Pobierz<\/a><\/div>\n","protected":false},"excerpt":{"rendered":"","protected":false},"author":3,"featured_media":0,"parent":0,"menu_order":0,"comment_status":"closed","ping_status":"closed","template":"","meta":{"spay_email":""},"_links":{"self":[{"href":"https:\/\/vii-lo.krakow.pl\/index.php?rest_route=\/wp\/v2\/pages\/1633"}],"collection":[{"href":"https:\/\/vii-lo.krakow.pl\/index.php?rest_route=\/wp\/v2\/pages"}],"about":[{"href":"https:\/\/vii-lo.krakow.pl\/index.php?rest_route=\/wp\/v2\/types\/page"}],"author":[{"embeddable":true,"href":"https:\/\/vii-lo.krakow.pl\/index.php?rest_route=\/wp\/v2\/users\/3"}],"replies":[{"embeddable":true,"href":"https:\/\/vii-lo.krakow.pl\/index.php?rest_route=%2Fwp%2Fv2%2Fcomments&post=1633"}],"version-history":[{"count":3,"href":"https:\/\/vii-lo.krakow.pl\/index.php?rest_route=\/wp\/v2\/pages\/1633\/revisions"}],"predecessor-version":[{"id":1649,"href":"https:\/\/vii-lo.krakow.pl\/index.php?rest_route=\/wp\/v2\/pages\/1633\/revisions\/1649"}],"wp:attachment":[{"href":"https:\/\/vii-lo.krakow.pl\/index.php?rest_route=%2Fwp%2Fv2%2Fmedia&parent=1633"}],"curies":[{"name":"wp","href":"https:\/\/api.w.org\/{rel}","templated":true}]}}