{"id":1798,"date":"2021-11-07T10:29:29","date_gmt":"2021-11-07T09:29:29","guid":{"rendered":"https:\/\/vii-lo.krakow.pl\/?page_id=1798"},"modified":"2025-10-16T07:51:05","modified_gmt":"2025-10-16T05:51:05","slug":"sport-w-siodemce","status":"publish","type":"page","link":"https:\/\/vii-lo.krakow.pl\/?page_id=1798","title":{"rendered":"Sport w Si\u00f3demce"},"content":{"rendered":"\n<h2 class=\"has-text-align-center\">Sekcje sportowe &#8211; zaj\u0119cia pozalekcyjne<\/h2>\n\n\n\n<div class=\"wp-block-image\"><figure class=\"aligncenter size-large\"><a href=\"https:\/\/vii-lo.krakow.pl\/?page_id=1819\"><img loading=\"lazy\" width=\"80\" height=\"80\" src=\"https:\/\/vii-lo.krakow.pl\/wp-content\/uploads\/2021\/11\/Koszykowka.jpg\" alt=\"Koszyk\u00f3wka icon\" class=\"wp-image-1811\"\/><\/a><figcaption>Koszyk\u00f3wka<\/figcaption><\/figure><\/div>\n\n\n\n<div class=\"wp-block-image\"><figure class=\"aligncenter size-large\"><a href=\"https:\/\/vii-lo.krakow.pl\/?page_id=628\"><img loading=\"lazy\" width=\"80\" height=\"80\" src=\"https:\/\/vii-lo.krakow.pl\/wp-content\/uploads\/2021\/04\/Siatkowka.jpg\" alt=\"Siatk\u00f3wka icon\" class=\"wp-image-1335\"\/><\/a><figcaption>Siatk\u00f3wka<\/figcaption><\/figure><\/div>\n\n\n\n<div class=\"wp-block-image\"><figure class=\"aligncenter size-large is-resized\"><a href=\"https:\/\/vii-lo.krakow.pl\/?page_id=626\"><img loading=\"lazy\" src=\"https:\/\/vii-lo.krakow.pl\/wp-content\/uploads\/2021\/04\/Wspinaczka.jpg\" alt=\"Wspinaczka icon\" class=\"wp-image-1337\" width=\"80\" height=\"80\"\/><\/a><figcaption>Wspinaczka<\/figcaption><\/figure><\/div>\n\n\n\n<div class=\"wp-block-image\"><figure class=\"aligncenter size-full\"><a href=\"https:\/\/vii-lo.krakow.pl\/?page_id=3572\"><img loading=\"lazy\" width=\"80\" height=\"80\" src=\"https:\/\/vii-lo.krakow.pl\/wp-content\/uploads\/2023\/09\/Samoobrona.jpg\" alt=\"Samoobrona icon\" class=\"wp-image-3574\"\/><\/a><figcaption>Samoobrona<\/figcaption><\/figure><\/div>\n\n\n\n<div class=\"wp-block-image\"><figure class=\"aligncenter size-full is-resized\"><a href=\"https:\/\/vii-lo.krakow.pl\/?page_id=5945\"><img loading=\"lazy\" src=\"https:\/\/vii-lo.krakow.pl\/wp-content\/uploads\/2021\/04\/Wychowanie-fizyczne.jpg\" alt=\"Wychowanie fizyczne icon\" class=\"wp-image-1320\" width=\"80\" height=\"80\"\/><\/a><figcaption>P\u0142ywanie<\/figcaption><\/figure><\/div>\n\n\n\n<h3 class=\"has-text-align-center\">Tytu\u0142y mistrzowskie<\/h3>\n\n\n\n<ul><li>I Miejsce w Klasyfikacji Generalnej Ma\u0142opolskiej Olimpiady M\u0142odzie\u017cy 2002\/03, 2014\/15, 2022\/23<\/li><li>I Miejsce w Klasyfikacji Generalnej Krakowskiej Olimpiady M\u0142odzie\u017cy: 2008\/09, 2010\/11, 2012\/13, 2022\/23, 2023\/24, 2024\/25<\/li><\/ul>\n\n\n\n<hr class=\"wp-block-separator has-text-color has-background\" style=\"background-color:#235787;color:#235787\"\/>\n\n\n\n<ul><li>Mistrzostwo Ma\u0142opolski w Koszyk\u00f3wce Dziewcz\u0105t: 2002\/2003<\/li><li>Mistrzostwo Krakowa w Koszyk\u00f3wce Dziewcz\u0105t: 1967\/68, 1968\/69, 1974\/75, 1979\/80, 2002\/03, 2003\/04, 2005\/06, 2007\/08, 2011\/12, 2013\/14, 2014\/15, 2016\/17<\/li><li>Mistrzostwo Krakowa w Koszyk\u00f3wce Dziewcz\u0105t 3&#215;3: 2025\/26<\/li><li>Mistrzostwo Ma\u0142opolski w Koszyk\u00f3wce Ch\u0142opc\u00f3w: 2002\/03, 2003\/04, 2011\/12, 2013\/14, 2014\/15, 2015\/16<\/li><li>Mistrzostwo Krakowa w Koszyk\u00f3wce Ch\u0142opc\u00f3w: 1966\/67, 1989\/90, 2001\/02, 2002\/03, 2003\/04, 2004\/05, 2005\/06, 2007\/08, 2008\/09, 2009\/10, 2010\/11, 2011\/12, 2012\/13, 2013\/14, 2014\/15, 2015\/16<\/li><li>Mistrzostwo Krakowa w Siatk\u00f3wce Ch\u0142opc\u00f3w: 1984\/85, 2012\/13, 2022\/23<\/li><li>Mistrzostwo Krakowa w Siatk\u00f3wce Dziewcz\u0105t: 1996\/97, 2012\/13, 2014\/15, 2019\/20, 2022\/23<\/li><li>Mistrzostwo Ma\u0142opolski w Lekkiej Atletyce Dziewcz\u0105t: 2015\/16, 2016\/17, 2024\/25<\/li><li>Mistrzostwo Krakowa w Lekkiej Atletyce Dziewcz\u0105t: 2008\/09, 2010\/11, 2011\/12, 2015\/16, 2016\/17, 2019\/20, 2023\/24, 2024\/25<\/li><li>Mistrzostwo Krakowa w Sztafetowych Biegach Prze\u0142ajowych Ch\u0142opc\u00f3w: 2007\/08, 2008\/09, 2009\/10, 2010\/11, 2011\/12, 2015\/16<\/li><li>Mistrzostwo Krakowa w Dru\u017cynowych Biegach Prze\u0142ajowych Ch\u0142opc\u00f3w: 2008\/09, 2009\/10, 2015\/16, 2022\/23, 2023\/24<\/li><li>Mistrzostwo Krakowa w Sztafetowych Biegach Prze\u0142ajowych Dziewcz\u0105t: 2011\/12, 2016\/17, 2017\/18, 2022\/23, 2023\/24, 2024\/25, 2025\/26<\/li><li>Mistrzostwo Krakowa w Dru\u017cynowych Biegach Prze\u0142ajowych Dziewcz\u0105t: 2009\/10, 2010\/11, 2012\/13, 2015\/16, 2016\/17 2017\/18, 2023\/24<\/li><li>Mistrzostwo Krakowa w Dru\u017cynowym P\u0142ywaniu Ch\u0142opc\u00f3w: 2015\/16<\/li><li>Mistrzostwo Krakowa w Sztafetowym P\u0142ywaniu Dziewcz\u0105t: 2022\/23<\/li><li>Mistrzostwo Krakowa w Sztafetowym P\u0142ywaniu Ch\u0142opc\u00f3w: 2015\/16<\/li><li>Mistrzostwo Krakowa w Pi\u0142ce No\u017cnej Ch\u0142opc\u00f3w: 2000\/01, 2010\/11, 2012\/13<\/li><li>Mistrzostwo Ma\u0142opolski w Tenisie Sto\u0142owym Dziewcz\u0105t: 2012\/13<\/li><li>Mistrzostwo Krakowa w Tenisie Sto\u0142owym Dziewcz\u0105t: 2012\/13, 2022\/23<\/li><li>Mistrzostwo Ma\u0142opolski w Tenisie Sto\u0142owym Ch\u0142opc\u00f3w: 2006\/07<\/li><li>Mistrzostwo Krakowa w Tenisie Sto\u0142owym Ch\u0142opc\u00f3w: 2004\/05, 2005\/06, 2006\/07, 2007\/08<\/li><li>Mistrzostwo Krakowa w Dru\u017cynowych Wy\u015bcigach Rower\u00f3w G\u00f3rskich MTB Dziewcz\u0105t: 2009\/10<\/li><li>Mistrzostwo Krakowa w Narciarstwie Alpejskim Dziewcz\u0105t: 2004\/05<\/li><li>Mistrzostwo Krakowa w Snowboardzie Dru\u017cynowym Dziewcz\u0105t: 2012\/13, 2015\/16, 2022\/23<\/li><li>Mistrzostwo Krakowa w Szachach Dru\u017cynowych Ch\u0142opc\u00f3w: 2023\/2024<\/li><li>Szabla Kapitana Stawarza w Biegu Sztafetowym w okazji rocznicy wyzwolenia Krakowa: 2000\/01, 2008\/09, 2010\/11, 2011\/12, 2015\/16, 2016\/17, 2023\/24<\/li><\/ul>\n\n\n\n<p><\/p>\n","protected":false},"excerpt":{"rendered":"<p>Sekcje sportowe &#8211; zaj\u0119cia pozalekcyjne Tytu\u0142y mistrzowskie I Miejsce w Klasyfikacji Generalnej Ma\u0142opolskiej Olimpiady M\u0142odzie\u017cy 2002\/03, 2014\/15, 2022\/23 I Miejsce w Klasyfikacji Generalnej Krakowskiej Olimpiady&hellip;<\/p>\n","protected":false},"author":3,"featured_media":0,"parent":0,"menu_order":0,"comment_status":"closed","ping_status":"closed","template":"","meta":{"spay_email":""},"_links":{"self":[{"href":"https:\/\/vii-lo.krakow.pl\/index.php?rest_route=\/wp\/v2\/pages\/1798"}],"collection":[{"href":"https:\/\/vii-lo.krakow.pl\/index.php?rest_route=\/wp\/v2\/pages"}],"about":[{"href":"https:\/\/vii-lo.krakow.pl\/index.php?rest_route=\/wp\/v2\/types\/page"}],"author":[{"embeddable":true,"href":"https:\/\/vii-lo.krakow.pl\/index.php?rest_route=\/wp\/v2\/users\/3"}],"replies":[{"embeddable":true,"href":"https:\/\/vii-lo.krakow.pl\/index.php?rest_route=%2Fwp%2Fv2%2Fcomments&post=1798"}],"version-history":[{"count":23,"href":"https:\/\/vii-lo.krakow.pl\/index.php?rest_route=\/wp\/v2\/pages\/1798\/revisions"}],"predecessor-version":[{"id":5995,"href":"https:\/\/vii-lo.krakow.pl\/index.php?rest_route=\/wp\/v2\/pages\/1798\/revisions\/5995"}],"wp:attachment":[{"href":"https:\/\/vii-lo.krakow.pl\/index.php?rest_route=%2Fwp%2Fv2%2Fmedia&parent=1798"}],"curies":[{"name":"wp","href":"https:\/\/api.w.org\/{rel}","templated":true}]}}