{"id":2741,"date":"2022-12-01T18:26:26","date_gmt":"2022-12-01T17:26:26","guid":{"rendered":"https:\/\/vii-lo.krakow.pl\/?page_id=2741"},"modified":"2022-12-16T09:28:58","modified_gmt":"2022-12-16T08:28:58","slug":"program-uroczystosci-jubileuszowych","status":"publish","type":"page","link":"https:\/\/vii-lo.krakow.pl\/?page_id=2741","title":{"rendered":"Program uroczysto\u015bci jubileuszowych"},"content":{"rendered":"\n<div style=\"height:10px\" aria-hidden=\"true\" class=\"wp-block-spacer\"><\/div>\n\n\n\n<div class=\"wp-block-columns\">\n<div class=\"wp-block-column\">\n<p class=\"has-text-align-center\" style=\"font-size:26px\"><strong>15 grudnia 2022<\/strong> (czwartek)<\/p>\n\n\n\n<p class=\"has-text-align-center\">16:00 \u2013 Uroczysta gala jubileuszowa, Filharmonia Krakowska<\/p>\n\n\n\n<div style=\"height:20px\" aria-hidden=\"true\" class=\"wp-block-spacer\"><\/div>\n\n\n\n<p class=\"has-text-align-center\" style=\"font-size:26px\"><strong>16 grudnia 2022<\/strong> (pi\u0105tek)<\/p>\n\n\n\n<p class=\"has-text-align-center\">14:00 \u2013 Uroczysta Msza \u015awi\u0119ta w Ko\u015bciele Naj\u015bwi\u0119tszej Marii Panny z\u202fLourdes w Krakowie<\/p>\n\n\n\n<hr class=\"wp-block-separator aligncenter has-text-color has-background\" style=\"background-color:#0071a1;color:#0071a1\"\/>\n\n\n\n<p class=\"has-text-align-center\">15:00 \u2013 Przywitanie Go\u015bci przez Dyrektora VII Liceum, Centrum Kultury i Sportu VII LO<\/p>\n\n\n\n<p class=\"has-text-align-center\">15:15 \u2013 Koncert muzyczny, Centrum Kultury i Sportu VII LO<\/p>\n\n\n\n<p class=\"has-text-align-center\">16:15 \u2013 Mecz siatk\u00f3wki (uczniowie vs. absolwenci), Centrum Kultury i Sportu VII LO<\/p>\n\n\n\n<p class=\"has-text-align-center\"> 17:00 \u2013 Si\u00f3demkowe spotkanie z poezj\u0105, Aula VII LO <\/p>\n\n\n\n<p class=\"has-text-align-center\">17:30 \u2013 Mecz koszyk\u00f3wki (uczniowie vs. absolwenci), Centrum Kultury i Sportu VII LO<\/p>\n\n\n\n<p class=\"has-text-align-center\"> 15:00 \u2013 18:00 \u2013 Wystawa prac plastycznych, sala A8 <\/p>\n\n\n\n<p class=\"has-text-align-center\">15:00 \u2013 18:00 \u2013 Rocznikowe spotkania absolwent\u00f3w w salach lekcyjnych:<\/p>\n\n\n\n<figure class=\"wp-block-table aligncenter is-style-regular\"><table><tbody><tr><td>Sala:&nbsp;<\/td><td>Roczniki:<\/td><\/tr><tr><td>A1&nbsp;<\/td><td>1960-1965&nbsp;<\/td><\/tr><tr><td>A2&nbsp;<\/td><td>1966-1970&nbsp;<\/td><\/tr><tr><td>A3&nbsp;<\/td><td>1971-1975&nbsp;<\/td><\/tr><tr><td>A4&nbsp;<\/td><td>1976-1980&nbsp;<\/td><\/tr><tr><td>A5&nbsp;<\/td><td>1981-1985&nbsp;<\/td><\/tr><tr><td>A6&nbsp;<\/td><td>1986-1989&nbsp;<\/td><\/tr><tr><td>B1&nbsp;<\/td><td>1990-1993&nbsp;<\/td><\/tr><tr><td>B2&nbsp;<\/td><td>1994-1996&nbsp;<\/td><\/tr><tr><td>B3&nbsp;<\/td><td>1997-1999&nbsp;<\/td><\/tr><tr><td>B4&nbsp;<\/td><td>2000-2003&nbsp;<\/td><\/tr><tr><td>B5&nbsp;<\/td><td>2004-2006&nbsp;<\/td><\/tr><tr><td>B8\u00a0<\/td><td>2007-2009&nbsp;<\/td><\/tr><tr><td>B11&nbsp;<\/td><td>2010-2014&nbsp;<\/td><\/tr><tr><td>B13&nbsp;<\/td><td>2015-2018&nbsp;<\/td><\/tr><tr><td>B14&nbsp;<\/td><td>2019-2022&nbsp;<\/td><\/tr><\/tbody><\/table><\/figure>\n\n\n\n<hr class=\"wp-block-separator aligncenter has-text-color has-background\" style=\"background-color:#0071a1;color:#0071a1\"\/>\n\n\n\n<p class=\"has-text-align-center\">19:00 \u2013 Spotkanie absolwent\u00f3w organizowane przez Stowarzyszenie Absolwent\u00f3w i Przyjaci\u00f3\u0142 Szko\u0142y, restauracja Feniks<\/p>\n<\/div>\n<\/div>\n\n\n\n<div style=\"height:100px\" aria-hidden=\"true\" class=\"wp-block-spacer\"><\/div>\n","protected":false},"excerpt":{"rendered":"<p>15 grudnia 2022 (czwartek) 16:00 \u2013 Uroczysta gala jubileuszowa, Filharmonia Krakowska 16 grudnia 2022 (pi\u0105tek) 14:00 \u2013 Uroczysta Msza \u015awi\u0119ta w Ko\u015bciele Naj\u015bwi\u0119tszej Marii Panny&hellip;<\/p>\n","protected":false},"author":10,"featured_media":0,"parent":0,"menu_order":0,"comment_status":"closed","ping_status":"closed","template":"","meta":{"spay_email":""},"_links":{"self":[{"href":"https:\/\/vii-lo.krakow.pl\/index.php?rest_route=\/wp\/v2\/pages\/2741"}],"collection":[{"href":"https:\/\/vii-lo.krakow.pl\/index.php?rest_route=\/wp\/v2\/pages"}],"about":[{"href":"https:\/\/vii-lo.krakow.pl\/index.php?rest_route=\/wp\/v2\/types\/page"}],"author":[{"embeddable":true,"href":"https:\/\/vii-lo.krakow.pl\/index.php?rest_route=\/wp\/v2\/users\/10"}],"replies":[{"embeddable":true,"href":"https:\/\/vii-lo.krakow.pl\/index.php?rest_route=%2Fwp%2Fv2%2Fcomments&post=2741"}],"version-history":[{"count":27,"href":"https:\/\/vii-lo.krakow.pl\/index.php?rest_route=\/wp\/v2\/pages\/2741\/revisions"}],"predecessor-version":[{"id":2877,"href":"https:\/\/vii-lo.krakow.pl\/index.php?rest_route=\/wp\/v2\/pages\/2741\/revisions\/2877"}],"wp:attachment":[{"href":"https:\/\/vii-lo.krakow.pl\/index.php?rest_route=%2Fwp%2Fv2%2Fmedia&parent=2741"}],"curies":[{"name":"wp","href":"https:\/\/api.w.org\/{rel}","templated":true}]}}