{"id":3572,"date":"2023-09-09T18:33:05","date_gmt":"2023-09-09T16:33:05","guid":{"rendered":"https:\/\/vii-lo.krakow.pl\/?page_id=3572"},"modified":"2025-09-18T07:02:57","modified_gmt":"2025-09-18T05:02:57","slug":"sekcja-samoobrony","status":"publish","type":"page","link":"https:\/\/vii-lo.krakow.pl\/?page_id=3572","title":{"rendered":"Sekcja samoobrony"},"content":{"rendered":"<h3 style=\"text-align: center;\">Sekcja samoobrony 2025\/2026<\/h3>\n<p style=\"text-align: center;\">poniedzia\u0142ek 16:35-18:05 (dziewcz\u0119ta + ch\u0142opcy)<\/p>\n<p class=\"has-text-align-center\" style=\"text-align: center;\">Centrum Sportu i Kultury VII LO w Krakowie<\/p>\n<p class=\"has-text-align-center\" style=\"text-align: center;\">Prowadz\u0105cy: mgr Pawe\u0142 Baranowski<\/p>\n","protected":false},"excerpt":{"rendered":"<p>Sekcja samoobrony 2025\/2026 poniedzia\u0142ek 16:35-18:05 (dziewcz\u0119ta + ch\u0142opcy) Centrum Sportu i Kultury VII LO w Krakowie Prowadz\u0105cy: mgr Pawe\u0142 Baranowski<\/p>\n","protected":false},"author":3,"featured_media":0,"parent":0,"menu_order":0,"comment_status":"closed","ping_status":"closed","template":"","meta":{"spay_email":""},"_links":{"self":[{"href":"https:\/\/vii-lo.krakow.pl\/index.php?rest_route=\/wp\/v2\/pages\/3572"}],"collection":[{"href":"https:\/\/vii-lo.krakow.pl\/index.php?rest_route=\/wp\/v2\/pages"}],"about":[{"href":"https:\/\/vii-lo.krakow.pl\/index.php?rest_route=\/wp\/v2\/types\/page"}],"author":[{"embeddable":true,"href":"https:\/\/vii-lo.krakow.pl\/index.php?rest_route=\/wp\/v2\/users\/3"}],"replies":[{"embeddable":true,"href":"https:\/\/vii-lo.krakow.pl\/index.php?rest_route=%2Fwp%2Fv2%2Fcomments&post=3572"}],"version-history":[{"count":4,"href":"https:\/\/vii-lo.krakow.pl\/index.php?rest_route=\/wp\/v2\/pages\/3572\/revisions"}],"predecessor-version":[{"id":5940,"href":"https:\/\/vii-lo.krakow.pl\/index.php?rest_route=\/wp\/v2\/pages\/3572\/revisions\/5940"}],"wp:attachment":[{"href":"https:\/\/vii-lo.krakow.pl\/index.php?rest_route=%2Fwp%2Fv2%2Fmedia&parent=3572"}],"curies":[{"name":"wp","href":"https:\/\/api.w.org\/{rel}","templated":true}]}}