{"id":4670,"date":"2024-09-19T12:06:06","date_gmt":"2024-09-19T10:06:06","guid":{"rendered":"https:\/\/vii-lo.krakow.pl\/?page_id=4670"},"modified":"2026-04-08T14:33:37","modified_gmt":"2026-04-08T12:33:37","slug":"harmonogram-roku-szkolnego-2024-2025","status":"publish","type":"page","link":"https:\/\/vii-lo.krakow.pl\/?page_id=4670","title":{"rendered":"Harmonogram roku szkolnego 2025\/2026"},"content":{"rendered":"\n<p>Ostatnia aktualizacja: 8 kwietnia 2026<\/p>\n\n\n\n<p><\/p>\n\n\n\n<figure class=\"wp-block-table aligncenter is-style-stripes\"><table><tbody><tr><td><strong>Organizacja roku szkolnego<\/strong><\/td><td><strong>&nbsp;<\/strong><\/td><td>&nbsp;<\/td><\/tr><tr><td><br><strong>Wrzesie\u0144<\/strong><\/td><td>&nbsp;<\/td><td>&nbsp;<\/td><\/tr><tr><td>Rozpocz\u0119cie roku szkolnego 2025\/2026<\/td><td>1 wrze\u015bnia<\/td><td><\/td><\/tr><tr><td>Prezentacja oferty Centrum M\u0142odzie\u017cy im. dr. H. Jordana<\/td><td>4 wrze\u015bnia<\/td><td><\/td><\/tr><tr><td>Gie\u0142da u\u017cywanych podr\u0119cznik\u00f3w<\/td><td>5 wrze\u015bnia<\/td><td><\/td><\/tr><tr><td>Narodowe czytanie J. Kochanowskiego<\/td><td>do 12 wrze\u015bnia<\/td><td><\/td><\/tr><tr><td>Zdj\u0119cia klasowe (wg odr\u0119bnego harmonogramu)<\/td><td>12 wrze\u015bnia<\/td><td><\/td><\/tr><tr><td>Zebrania informacyjne z rodzicami<\/td><td>11 wrze\u015bnia<br>kl. II i III godz. 17.30<br>kl. I i IV godz. 18.30<\/td><td><\/td><\/tr><tr><td>Okres adaptacji uczni\u00f3w klasy I<\/td><td>do 14 wrze\u015bnia<\/td><td><\/td><\/tr><tr><td>Plenarne zebranie Rady Rodzic\u00f3w<\/td><td>18 wrze\u015bnia, godz. 18:00<\/td><td>&nbsp;<\/td><\/tr><tr><td>Poinformowanie uczni\u00f3w i rodzic\u00f3w o wymaganiach edukacyjnych i\u202fkryteriach oceniania zachowania<\/td><td>do 22 wrze\u015bnia<\/td><td><\/td><\/tr><tr><td>Festiwal sztuki uczniowskiej \u2013 pilota\u017c<\/td><td>22 wrze\u015bnia<\/td><td><\/td><\/tr><tr><td>Krakowski Salon Maturzyst\u00f3w Perspektywy 2025<\/td><td>22 \u2013 23 wrze\u015bnia <\/td><td><\/td><\/tr><tr><td>Mistrzostwa Polski w Lekkiej Atletyce<\/td><td>22 \u2013 23 wrze\u015bnia <\/td><td><\/td><\/tr><tr><td>Olimpiada Lingwistyki Matematycznej \u2013 etap szkolny<\/td><td>30 wrze\u015bnia<\/td><td><\/td><\/tr><tr><td>Olimpiada Biologiczna \u2013 etap szkolny<\/td><td>do 30 wrze\u015bnia<\/td><td><\/td><\/tr><tr><td>Spotkanie online z dr. S\u0142awoszem Uzna\u0144skim-Wi\u015bniewskim <\/td><td>30 wrze\u015bnia <\/td><td><\/td><\/tr><tr><td>\u201eIntegracja z ksi\u0105\u017ck\u0105\u201d \u2013&nbsp;konkurs czytelniczo-fotograficzny dla klasy I<\/td><td><\/td><td><\/td><\/tr><tr><td><br><strong>Pa\u017adziernik<\/strong><\/td><td>&nbsp;<\/td><td>&nbsp;<\/td><\/tr><tr><td>Plenarne zebranie Rady Rodzic\u00f3w<\/td><td>2 pa\u017adziernika<br>godz. 18.00<\/td><td><\/td><\/tr><tr><td>Spotkanie z uczniami w sprawie g\u0142osowania w Bud\u017cecie Obywatelskim<\/td><td>3 pa\u017adziernika<\/td><td><\/td><\/tr><tr><td>Wyjazd uczni\u00f3w do Rzymu<\/td><td>5 \u2013 11 pa\u017adziernika<\/td><td><\/td><\/tr><tr><td>Olimpiada J\u0119zyka Angielskiego \u2013 etap szkolny <\/td><td>6 pa\u017adziernika<\/td><td><\/td><\/tr><tr><td>Cyber sztuczki \u2013 webinar z zakresu cyberbezpiecze\u0144stwa<\/td><td>10 pa\u017adziernika <\/td><td><\/td><\/tr><tr><td>Wybory Przewodnicz\u0105cego Samorz\u0105du Szkolnego<\/td><td>do 13 pa\u017adziernika<\/td><td><\/td><\/tr><tr><td>Obchody Dnia Edukacji Narodowej<\/td><td>13 pa\u017adziernika<\/td><td><\/td><\/tr><tr><td>Dzie\u0144 wolny od zaj\u0119\u0107 dydaktycznych<\/td><td>14 pa\u017adziernika<\/td><td><\/td><\/tr><tr><td>Dzie\u0144 Papieski<\/td><td>16 pa\u017adziernika<\/td><td><\/td><\/tr><tr><td>Konsultacje dla rodzic\u00f3w po wcze\u015bniejszym um\u00f3wieniu spotkania przez dziennik<\/td><td>16 pa\u017adziernika<br>godz. 17.30 \u2013 18.30<\/td><td>&nbsp;<\/td><\/tr><tr><td>Olimpiada Wiedzy o \u017bywno\u015bci i \u017bywieniu \u2013 etap szkolny <\/td><td>17 pa\u017adziernika<\/td><td><\/td><\/tr><tr><td>Szkolny Turniej Tenisa Sto\u0142owego<\/td><td> 17 pa\u017adziernika<\/td><td><\/td><\/tr><tr><td>\u015alubowanie uczni\u00f3w klasy I<\/td><td>29 pa\u017adziernika<\/td><td><\/td><\/tr><tr><td>Wielki Test z Historii Szko\u0142y dla klasy I<\/td><td>20 pa\u017adziernika<\/td><td><\/td><\/tr><tr><td>Olimpiada Losy \u017bo\u0142nierza i Dzieje Or\u0119\u017ca Polskiego \u2013 etap szkolny<\/td><td>23 pa\u017adziernika<\/td><td><\/td><\/tr><tr><td> Olimpiada Wiedzy o UE Coptiosh<\/td><td>23 pa\u017adziernika<\/td><td>&nbsp;<\/td><\/tr><tr><td> Olimpiada Wiedzy o III RP Coptiosh <\/td><td>29 pa\u017adziernika <\/td><td><\/td><\/tr><tr><td><br><strong>Listopad<\/strong><\/td><td>&nbsp;<\/td><td>&nbsp;<\/td><\/tr><tr><td>Wymiana z gimnazjum z Bonn<\/td><td>2-7 listopada<\/td><td><\/td><\/tr><tr><td>Olimpiada J\u0119zyka Angielskiego (II cz. etapu szkolnego)<\/td><td>5 listopada<\/td><td><\/td><\/tr><tr><td>Pr\u00f3bny egzamin pisemny DSD II<\/td><td>5 listopada<\/td><td><\/td><\/tr><tr><td>Zebranie Zarz\u0105du Rady Rodzic\u00f3w<\/td><td>6 listopada<br>godz. 18.00<\/td><td><\/td><\/tr><tr><td>Konkurs Piosenki Patriotycznej i wsp\u00f3lne od\u015bpiewanie hymnu<\/td><td>7 listopada<br>godz. 11.00<\/td><td><\/td><\/tr><tr><td>Olimpiada Literatury i J\u0119zyka Polskiego (etap szkolny)<\/td><td>7 listopada<\/td><td><\/td><\/tr><tr><td>Olimpiada J\u0119zyka Niemieckiego (etap szkolny)<\/td><td>7 listopada<\/td><td><\/td><\/tr><tr><td>Konkurs pi\u0119knego czytania<\/td><td>12 listopada<\/td><td><\/td><\/tr><tr><td>Olimpiada j\u0119zyka \u0142aci\u0144skiego i kultury antycznej (etap szkolny)<\/td><td>12 listopada<\/td><td><\/td><\/tr><tr><td>Pisemny egzamin DSD II<\/td><td>19 listopada<\/td><td><\/td><\/tr><tr><td>Og\u00f3lnopolska Olimpiada Wiedzy Chemicznej (etap szkolny)<\/td><td>20 listopada <\/td><td><\/td><\/tr><tr><td>Zebrania klasowe z rodzicami<\/td><td>20 listopada<br>kl. II i III godz. 17.30<br>kl. I i IV godz. 18.30<\/td><td><\/td><\/tr><tr><td>Olimpiada Wiedzy Historycznej Coptiosh (etap szkolny)<\/td><td>21 listopada<\/td><td><\/td><\/tr><tr><td>Olimpiada Wiedzy o Prawie (etap szkolny)<\/td><td>24 listopada<\/td><td><\/td><\/tr><tr><td>Szko\u0142a Debaty (faza grupowa)<\/td><td>25-26 listopada<\/td><td><\/td><\/tr><tr><td>Wolontariat: Banki \u017bywno\u015bci<\/td><td>29 listopada<\/td><td><\/td><\/tr><tr><td>Olimpiada Wiedzy o Polsce i \u015awiecie Wsp\u00f3\u0142czesnym<\/td><td>28 listopada<\/td><td><\/td><\/tr><tr><td>Koncert charytatywny<\/td><td>29 listopada<\/td><td><\/td><\/tr><tr><td><br><strong>Grudzie\u0144<\/strong><\/td><td>&nbsp;<\/td><td>&nbsp;<\/td><\/tr><tr><td>Deklaracje wyboru przedmiot\u00f3w dodatkowych do pr\u00f3bnej matury<\/td><td>do 5 grudnia<\/td><td><\/td><\/tr><tr><td>Obchody rocznicy \u015bmierci gen St. Maczka<\/td><td>11 grudnia<\/td><td><\/td><\/tr><tr><td>Konsultacje dla rodzic\u00f3w<\/td><td>11 grudnia, godz. 17.30 \u2013 18.30<\/td><td><\/td><\/tr><tr><td>Jase\u0142ka szkolne<\/td><td>19 grudnia<\/td><td><\/td><\/tr><tr><td>Zimowa przerwa \u015bwi\u0105teczna<\/td><td>22 \u2013 31 grudnia<\/td><td><\/td><\/tr><tr><td><br><strong>Stycze\u0144<\/strong><\/td><td>&nbsp;<\/td><td>&nbsp;<\/td><\/tr><tr><td>Bioolimpiada<\/td><td>9 stycznia<\/td><td><\/td><\/tr><tr><td>Pr\u00f3bna matura z Now\u0105 Er\u0105<\/td><td>9-16 stycznia<\/td><td><\/td><\/tr><tr><td>Olimpiada Historyczna (etap okr\u0119gowy)<\/td><td>10 stycznia<\/td><td><\/td><\/tr><tr><td>Szkolne zawody w snowboardzie i narciarstwie alpejskim \u2013 Bia\u0142ka Tatrza\u0144ska\u20192026<\/td><td>12 stycznia<\/td><td><\/td><\/tr><tr><td>Zg\u0142aszanie poda\u0144 o ewentualne dostosowania maturalne&nbsp;<\/td><td>do 15 stycznia<\/td><td><\/td><\/tr><tr><td>Olimpiada Wiedzy Historycznej Coptiosh&nbsp;&nbsp;<br>(etap okr\u0119gowy)<\/td><td>17 stycznia<\/td><td><\/td><\/tr><tr><td>Og\u00f3lnopolska Olimpiada Wiedzy Chemicznej (etap drugi)<\/td><td>20 stycznia<\/td><td><\/td><\/tr><tr><td>XXX Noworoczny Turniej Koszyk\u00f3wki Ch\u0142opc\u00f3w o\u202fPuchar Dyrektora Liceum<\/td><td>22-23 stycznia<\/td><td><\/td><\/tr><tr><td>Zako\u0144czenie klasyfikacji \u015br\u00f3drocznej<\/td><td>23 stycznia<\/td><td>&nbsp;<\/td><\/tr><tr><td>Zebrania wychowawc\u00f3w z rodzicami uczni\u00f3w<\/td><td>29 stycznia<br>kl. II i III godz. 16.30<br>kl. I i IV godz. 18.30<\/td><td>&nbsp;<\/td><\/tr><tr><td>Si\u00f3demkowe Kol\u0119dowanie<\/td><td>29 stycznia&nbsp;&nbsp;<br>godz. 17.30<\/td><td><\/td><\/tr><tr><td>Olimpiada Wiedzy o Polsce i \u015awiecie Wsp\u00f3\u0142czesnym (etap okr\u0119gowy)<\/td><td>31 stycznia<\/td><td><\/td><\/tr><tr><td>Bal studni\u00f3wkowy<\/td><td>31 stycznia<\/td><td><\/td><\/tr><tr><td><br><strong>Luty<\/strong><\/td><td>&nbsp;<\/td><td>&nbsp;<\/td><\/tr><tr><td>Ferie zimowe<\/td><td>2-15 lutego<\/td><td><\/td><\/tr><tr><td>Z\u0142o\u017cenie deklaracji maturalnych i ostateczny termin sk\u0142adania wniosk\u00f3w o dostosowania<\/td><td>do 9 lutego<\/td><td>&nbsp;<\/td><\/tr><tr><td>Poczta Walentynkowa<\/td><td>16-19 lutego<\/td><td><\/td><\/tr><tr><td>Zebranie Zarz\u0105du Rady Rodzic\u00f3w&nbsp;<\/td><td>19 lutego&nbsp;&nbsp;<br>godz. 17:45<br>Sala konferencyjna<\/td><td><\/td><\/tr><tr><td>II Szkolny Konkurs Poetycki tw\u00f3rczo\u015bci uczni\u00f3w&nbsp;<br>Og\u0142oszenie laureat\u00f3w<\/td><td>17 lutego<br>20 lutego<\/td><td><\/td><\/tr><tr><td>Dzie\u0144 J\u0119zyka Ojczystego&nbsp;<\/td><td>20 lutego<\/td><td><\/td><\/tr><tr><td>Plenarne zebranie Rady Pedagogicznej<\/td><td>26 lutego<\/td><td><\/td><\/tr><tr><td>Narodowy Dzie\u0144 Pami\u0119ci o \u017bo\u0142nierzach Wykl\u0119tych&nbsp;<br>Spotkanie z Dyrektorem IPN&nbsp; Oddzia\u0142 w Krakowie prof. Filipem Musia\u0142em i Prezesem Zarz\u0105du Fundacji \u201eWykl\u0119ci\u201d Kajetanem Rajskim<\/td><td>27 lutego<br>godz. 15.00<\/td><td><\/td><\/tr><tr><td><br><strong>Marzec<\/strong><\/td><td>&nbsp;<\/td><td>&nbsp;<\/td><\/tr><tr><td>Pr\u00f3bna matura z CKE<\/td><td>4-5 marca<\/td><td><\/td><\/tr><tr><td>Konkurs \u201eMatematyka bez granic\u201d<br>(1B, 1D, 1F)<\/td><td>5 marca<\/td><td><\/td><\/tr><tr><td>Konkurs \u201eAlchemik\u201d<\/td><td>5 marca<\/td><td><\/td><\/tr><tr><td>Og\u00f3lnopolski Konkurs Fizyczny \u201eEureka\u201d<\/td><td>6 marca<\/td><td><\/td><\/tr><tr><td>Szko\u0142a Debaty<\/td><td>6 marca<\/td><td><\/td><\/tr><tr><td>Olimpiada Podstaw Przedsi\u0119biorczo\u015bci \u2013<br>etap okr\u0119gowy<\/td><td>6 marca<\/td><td><\/td><\/tr><tr><td>Dzie\u0144 Kobiet + Dzie\u0144 M\u0119\u017cczyzn \u2013<br>szkolny event<\/td><td>9-10 marca<\/td><td><\/td><\/tr><tr><td>Olimpiada Wiedzy o Pa\u0144stwie i Prawie<br>(etap okr\u0119gowy)<\/td><td>11 marca<\/td><td><\/td><\/tr><tr><td>XXVI Kiermasz Ksi\u0105\u017cki<\/td><td>11-13 marca<\/td><td><\/td><\/tr><tr><td>Konsultacje dla rodzic\u00f3w po wcze\u015bniejszym um\u00f3wieniu spotkania przez dziennik elektroniczny<\/td><td>12 marca<br>godz. 17.30 \u2013 18.30<\/td><td><\/td><\/tr><tr><td>Akcja charytatywna \u201ePieluszka dla Zaj\u0105czka\u201d<\/td><td>23 lutego \u2013 11 marca<\/td><td><\/td><\/tr><tr><td>WSEI Craft (warsztaty)<\/td><td>13-14 marca<\/td><td><\/td><\/tr><tr><td>Wiecz\u00f3r poetycki uczni\u00f3w VII LO<\/td><td>18 marca<\/td><td><\/td><\/tr><tr><td>Turniej szachowy<\/td><td>18 marca<\/td><td><\/td><\/tr><tr><td>Konkurs Matematyczny \u201eKangur\u201d<\/td><td>19 marca<\/td><td><\/td><\/tr><tr><td>Tydzie\u0144 Promocji Zdrowia<\/td><td>20-27 marca<\/td><td><\/td><\/tr><tr><td>\u201eSpotkanie z absolwentem\u201d \u2013 Filip Oleksik<\/td><td>25 marca<br>godz. 14.00<\/td><td><\/td><\/tr><tr><td>Akcja \u201eSamorz\u0105d Robi Wiosn\u0119\u201d<\/td><td>27 marca<\/td><td><\/td><\/tr><tr><td>Og\u00f3lnopolski Konkurs Fizyczny Lwi\u0105tko<\/td><td>30 marca<\/td><td><\/td><\/tr><tr><td>Uroczysto\u015bci rocznicowe gen. S. Maczka<\/td><td>31 marca<br>godz. 12.00<\/td><td><\/td><\/tr><tr><td>Szkolne Rekolekcje Wielkopostne<\/td><td>30-31 marca<br><br>Aula<br>godz. 9.00 \u2013 10.00 klasy I i II<br>godz. 11.00 \u2013 12.00 klasy III i IV<br><br>1 kwietnia  \u2013 nabo\u017ce\u0144stwo w naszym Ko\u015bciele o godz. 10:00<\/td><td><\/td><\/tr><tr><td><br><strong>Kwiecie\u0144<\/strong><\/td><td>&nbsp;<\/td><td>&nbsp;<\/td><\/tr><tr><td>Pielgrzymka maturzyst\u00f3w \u2013 Kalwaria Zebrzydowska<\/td><td>1 kwietnia<br>wyjazd autokar\u00f3w o godz. 7:30<\/td><td><\/td><\/tr><tr><td>Wielkanocna przerwa \u015bwi\u0105teczna<\/td><td>2-7 kwietnia<\/td><td><\/td><\/tr><tr><td>Szkolenie z zakresu AI<\/td><td>9 kwietnia<br>godz. 15.00<\/td><td><\/td><\/tr><tr><td>Zebranie Prezydium Rady Rodzic\u00f3w<\/td><td>9 kwietnia <br>godz. 18.00<\/td><td><\/td><\/tr><tr><td>Fina\u0142 Szko\u0142y Debaty<\/td><td>10 kwietnia<\/td><td><\/td><\/tr><tr><td>Zwrot ksi\u0105\u017cek do biblioteki przez uczni\u00f3w klas IV<\/td><td>do 10 kwietnia<\/td><td><\/td><\/tr><tr><td>Warsztaty z Policj\u0105<\/td><td>13-14 kwietnia<\/td><td><\/td><\/tr><tr><td>Szkolny Konkurs Recytatorski<\/td><td>15 kwietnia<\/td><td><\/td><\/tr><tr><td>Szkolenie profilaktyczne dla rodzic\u00f3w<\/td><td>16 kwietnia <\/td><td><\/td><\/tr><tr><td>Zebrania wychowawc\u00f3w z rodzicami uczni\u00f3w<\/td><td>16 kwietnia<br>kl. II i III godz. 17.30<br>kl. I i IV godz. 18.30<\/td><td>&nbsp;<\/td><\/tr><tr><td>Zako\u0144czenie klasyfikacji klasy IV<\/td><td>17 kwietnia<\/td><td><\/td><\/tr><tr><td>Olimpiada Wiedzy o UE Coptiosh \u2013 etap centralny<\/td><td>18 kwietnia <\/td><td><\/td><\/tr><tr><td>Dzie\u0144 otwartych drzwi dla kandydat\u00f3w<\/td><td>18 kwietnia<br>godz. 10.00 \u2013 13.00<\/td><td><\/td><\/tr><tr><td>Olimpiada Wiedzy o Pa\u0144stwie i Prawie \u2013 etap centralny<\/td><td>22 kwietnia<\/td><td><\/td><\/tr><tr><td>Dzie\u0144 konsultacji przedmaturalnych dla uczni\u00f3w klasy IV<\/td><td>23 kwietnia<\/td><td><\/td><\/tr><tr><td>Zako\u0144czenie roku szkolnego dla klas IV i wr\u0119czenie \u015bwiadectw uko\u0144czenia liceum (wg odr\u0119bnego harmonogramu)<\/td><td>24 kwietnia<br>godz. 12.00<\/td><td><\/td><\/tr><tr><td>Wiosenny Bal Si\u00f3demkowy<\/td><td>24 kwietnia<br>godz. 17.30-21.00<\/td><td><\/td><\/tr><tr><td><br><strong>Maj<\/strong><\/td><td>&nbsp;<\/td><td>&nbsp;<\/td><\/tr><tr><td>Egzamin maturalny w sesji wiosennej<\/td><td>4-21 maja (cz. pisemna);<br>8-30 maja (cz. ustna)<br>1-16 czerwca (termin dodatkowy)<\/td><td><\/td><\/tr><tr><td><br><strong>Czerwiec<\/strong><\/td><td>&nbsp;<\/td><td>&nbsp;<\/td><\/tr><tr><td>Dzie\u0144 otwartych drzwi dla rodzic\u00f3w uczni\u00f3w klas I, II i III<\/td><td>11 czerwca godz. 17.30 \u2013 18.30<\/td><td>&nbsp;<\/td><\/tr><tr><td>Poinformowanie uczni\u00f3w klas I, II i III o przewidywanych ocenach rocznych<\/td><td>do 15 czerwca<\/td><td>&nbsp;<\/td><\/tr><tr><td>Zako\u0144czenie klasyfikacji klas I, II i III<\/td><td>19 czerwca<\/td><td>&nbsp;<\/td><\/tr><tr><td>Konferencja klasyfikacyjna uczni\u00f3w klas I, II i III<\/td><td>22 i 23 czerwca, godz. 15.00<\/td><td>&nbsp;<\/td><\/tr><tr><td>Zaj\u0119cia uczni\u00f3w klasy I na strzelnicy<\/td><td>24-25 czerwca<\/td><td>&nbsp;<\/td><\/tr><tr><td>Zatwierdzenie wynik\u00f3w klasyfikacji klas I, II i III i ewentualne egzaminy klasyfikacyjne<\/td><td>24 czerwca<\/td><td>&nbsp;<\/td><\/tr><tr><td><br><strong>Lipiec<\/strong><\/td><td><strong>&nbsp;<\/strong><\/td><td><strong>&nbsp;<\/strong><\/td><\/tr><tr><td>Wydanie \u015bwiadectw dojrza\u0142o\u015bci<\/td><td>8 lipca<\/td><td>&nbsp;<\/td><\/tr><\/tbody><\/table><\/figure>\n","protected":false},"excerpt":{"rendered":"<p>Ostatnia aktualizacja: 8 kwietnia 2026 Organizacja roku szkolnego &nbsp; &nbsp; Wrzesie\u0144 &nbsp; &nbsp; Rozpocz\u0119cie roku szkolnego 2025\/2026 1 wrze\u015bnia Prezentacja oferty Centrum M\u0142odzie\u017cy im. dr.&hellip;<\/p>\n","protected":false},"author":10,"featured_media":0,"parent":0,"menu_order":0,"comment_status":"closed","ping_status":"closed","template":"","meta":{"spay_email":""},"_links":{"self":[{"href":"https:\/\/vii-lo.krakow.pl\/index.php?rest_route=\/wp\/v2\/pages\/4670"}],"collection":[{"href":"https:\/\/vii-lo.krakow.pl\/index.php?rest_route=\/wp\/v2\/pages"}],"about":[{"href":"https:\/\/vii-lo.krakow.pl\/index.php?rest_route=\/wp\/v2\/types\/page"}],"author":[{"embeddable":true,"href":"https:\/\/vii-lo.krakow.pl\/index.php?rest_route=\/wp\/v2\/users\/10"}],"replies":[{"embeddable":true,"href":"https:\/\/vii-lo.krakow.pl\/index.php?rest_route=%2Fwp%2Fv2%2Fcomments&post=4670"}],"version-history":[{"count":29,"href":"https:\/\/vii-lo.krakow.pl\/index.php?rest_route=\/wp\/v2\/pages\/4670\/revisions"}],"predecessor-version":[{"id":6596,"href":"https:\/\/vii-lo.krakow.pl\/index.php?rest_route=\/wp\/v2\/pages\/4670\/revisions\/6596"}],"wp:attachment":[{"href":"https:\/\/vii-lo.krakow.pl\/index.php?rest_route=%2Fwp%2Fv2%2Fmedia&parent=4670"}],"curies":[{"name":"wp","href":"https:\/\/api.w.org\/{rel}","templated":true}]}}