{"id":5647,"date":"2025-06-05T11:19:40","date_gmt":"2025-06-05T09:19:40","guid":{"rendered":"https:\/\/vii-lo.krakow.pl\/?page_id=5647"},"modified":"2025-06-05T11:19:43","modified_gmt":"2025-06-05T09:19:43","slug":"zwolnienie-z-wf","status":"publish","type":"page","link":"https:\/\/vii-lo.krakow.pl\/?page_id=5647","title":{"rendered":"Zwolnienie z WF"},"content":{"rendered":"\n<p>Dokumenty (opini\u0119 lekarza oraz podanie do Dyrektora) nale\u017cy z\u0142o\u017cy\u0107 w sekretariacie szko\u0142y jednocze\u015bnie:<\/p>\n\n\n\n<div class=\"wp-block-file\"><a href=\"https:\/\/vii-lo.krakow.pl\/wp-content\/uploads\/2025\/06\/opinia-lekarza-do-zwolnienia-z-wf-2025.pdf\">Opinia lekarza do zwolnienia z WF<\/a><a href=\"https:\/\/vii-lo.krakow.pl\/wp-content\/uploads\/2025\/06\/opinia-lekarza-do-zwolnienia-z-wf-2025.pdf\" class=\"wp-block-file__button\" download>Pobierz<\/a><\/div>\n\n\n\n<div class=\"wp-block-file\"><a href=\"https:\/\/vii-lo.krakow.pl\/wp-content\/uploads\/2025\/06\/podanie-zwolnienie-z-wf-2025.pdf\">Podanie o zwolnienie z WF<\/a><a href=\"https:\/\/vii-lo.krakow.pl\/wp-content\/uploads\/2025\/06\/podanie-zwolnienie-z-wf-2025.pdf\" class=\"wp-block-file__button\" download>Pobierz<\/a><\/div>\n","protected":false},"excerpt":{"rendered":"<p>Dokumenty (opini\u0119 lekarza oraz podanie do Dyrektora) nale\u017cy z\u0142o\u017cy\u0107 w sekretariacie szko\u0142y jednocze\u015bnie:<\/p>\n","protected":false},"author":10,"featured_media":0,"parent":0,"menu_order":0,"comment_status":"closed","ping_status":"closed","template":"","meta":{"spay_email":""},"_links":{"self":[{"href":"https:\/\/vii-lo.krakow.pl\/index.php?rest_route=\/wp\/v2\/pages\/5647"}],"collection":[{"href":"https:\/\/vii-lo.krakow.pl\/index.php?rest_route=\/wp\/v2\/pages"}],"about":[{"href":"https:\/\/vii-lo.krakow.pl\/index.php?rest_route=\/wp\/v2\/types\/page"}],"author":[{"embeddable":true,"href":"https:\/\/vii-lo.krakow.pl\/index.php?rest_route=\/wp\/v2\/users\/10"}],"replies":[{"embeddable":true,"href":"https:\/\/vii-lo.krakow.pl\/index.php?rest_route=%2Fwp%2Fv2%2Fcomments&post=5647"}],"version-history":[{"count":2,"href":"https:\/\/vii-lo.krakow.pl\/index.php?rest_route=\/wp\/v2\/pages\/5647\/revisions"}],"predecessor-version":[{"id":5655,"href":"https:\/\/vii-lo.krakow.pl\/index.php?rest_route=\/wp\/v2\/pages\/5647\/revisions\/5655"}],"wp:attachment":[{"href":"https:\/\/vii-lo.krakow.pl\/index.php?rest_route=%2Fwp%2Fv2%2Fmedia&parent=5647"}],"curies":[{"name":"wp","href":"https:\/\/api.w.org\/{rel}","templated":true}]}}