{"id":626,"date":"2021-02-24T10:40:48","date_gmt":"2021-02-24T09:40:48","guid":{"rendered":"https:\/\/vii-lo.krakow.pl\/?page_id=626"},"modified":"2025-09-16T05:49:10","modified_gmt":"2025-09-16T03:49:10","slug":"sekcja-wspinaczkowa","status":"publish","type":"page","link":"https:\/\/vii-lo.krakow.pl\/?page_id=626","title":{"rendered":"Sekcja wspinaczkowa"},"content":{"rendered":"\n<div class=\"wp-block-image\"><figure class=\"aligncenter size-large\"><img loading=\"lazy\" width=\"1024\" height=\"576\" src=\"https:\/\/vii-lo.krakow.pl\/wp-content\/uploads\/2021\/03\/Wspinaczka-VII-LO-trening-1024x576.jpg\" alt=\"Wspinaczka VII LO trening\" class=\"wp-image-920\" title=\"Sekcja wspinaczki\" srcset=\"https:\/\/vii-lo.krakow.pl\/wp-content\/uploads\/2021\/03\/Wspinaczka-VII-LO-trening-1024x576.jpg 1024w, https:\/\/vii-lo.krakow.pl\/wp-content\/uploads\/2021\/03\/Wspinaczka-VII-LO-trening-300x169.jpg 300w, https:\/\/vii-lo.krakow.pl\/wp-content\/uploads\/2021\/03\/Wspinaczka-VII-LO-trening-768x432.jpg 768w, https:\/\/vii-lo.krakow.pl\/wp-content\/uploads\/2021\/03\/Wspinaczka-VII-LO-trening-1536x864.jpg 1536w, https:\/\/vii-lo.krakow.pl\/wp-content\/uploads\/2021\/03\/Wspinaczka-VII-LO-trening.jpg 1920w\" sizes=\"(max-width: 1024px) 100vw, 1024px\" \/><\/figure><\/div>\n\n\n\n<p>Je\u015bli chodzenie z wykorzystaniem jedynie ko\u0144czyn dolnych, nie stanowi ju\u017c dla Ciebie wi\u0119kszego wyzwania, i nie boisz si\u0119 z\u0142ama\u0107 paznokcia, spr\u00f3buj przygody na \u015bcianie. Zaj\u0119cia odbywaj\u0105 si\u0119 z wykorzystaniem licencjonowanego sprz\u0119tu w nowoczesnym obiekcie Centrum Sportu i Kultury VII LO w Krakowie. Sekcja wspinaczkowa r\u00f3wnie\u017c skupia absolwent\u00f3w, z kt\u00f3rymi spotykamy si\u0119 w ska\u0142ach oraz podczas weekendowych wyjazd\u00f3w po\u0142\u0105czonych z biwakowaniem w Podkrakowskich Dolinkach.<\/p>\n\n\n\n<p>Zaj\u0119cia maj\u0105 charakter rekreacyjny. Nie musisz by\u0107 alpinist\u0105. Wystarczy tylko chcie\u0107.<\/p>\n\n\n\n<hr class=\"wp-block-separator has-text-color has-background\" style=\"background-color:#235787;color:#235787\"\/>\n\n\n\n<h3 class=\"has-text-align-center\">Sekcja wspinaczkowa 2025\/2026<\/h3>\n\n\n\n<p class=\"has-text-align-center\">wtorek 15:30-18:30 (dziewcz\u0119ta + ch\u0142opcy)<\/p>\n\n\n\n<p class=\"has-text-align-center\">Centrum Sportu i Kultury VII LO w Krakowie<\/p>\n\n\n\n<p class=\"has-text-align-center\">Prowadz\u0105cy: mgr Konrad Tulej &#8211; instruktor wspinaczki sportowej<\/p>\n\n\n\n<hr class=\"wp-block-separator has-text-color has-background\" style=\"background-color:#235787;color:#235787\"\/>\n\n\n\n<div class=\"wp-block-file\"><a href=\"https:\/\/vii-lo.krakow.pl\/wp-content\/uploads\/2021\/02\/REGULAMIN-SCIANY-WSPINACZKOWEJ-CENTRUM-SPORTU-I-KULTURY.pdf\">Regulamin \u015aciany Wspinaczkowej CSiK VII LO Krak\u00f3w<\/a><a href=\"https:\/\/vii-lo.krakow.pl\/wp-content\/uploads\/2021\/02\/REGULAMIN-SCIANY-WSPINACZKOWEJ-CENTRUM-SPORTU-I-KULTURY.pdf\" class=\"wp-block-file__button\" download>Pobierz<\/a><\/div>\n\n\n\n<div class=\"wp-block-file\"><a href=\"https:\/\/vii-lo.krakow.pl\/wp-content\/uploads\/2021\/02\/Oswiadczenie-Rodzicow-wspinaczka.pdf\">O\u015bwiadczenie Rodzic\u00f3w &#8211; wspinaczka<\/a><a href=\"https:\/\/vii-lo.krakow.pl\/wp-content\/uploads\/2021\/02\/Oswiadczenie-Rodzicow-wspinaczka.pdf\" class=\"wp-block-file__button\" download>Pobierz<\/a><\/div>\n","protected":false},"excerpt":{"rendered":"<p>Je\u015bli chodzenie z wykorzystaniem jedynie ko\u0144czyn dolnych, nie stanowi ju\u017c dla Ciebie wi\u0119kszego wyzwania, i nie boisz si\u0119 z\u0142ama\u0107 paznokcia, spr\u00f3buj przygody na \u015bcianie. Zaj\u0119cia&hellip;<\/p>\n","protected":false},"author":3,"featured_media":0,"parent":0,"menu_order":0,"comment_status":"closed","ping_status":"closed","template":"","meta":{"spay_email":""},"_links":{"self":[{"href":"https:\/\/vii-lo.krakow.pl\/index.php?rest_route=\/wp\/v2\/pages\/626"}],"collection":[{"href":"https:\/\/vii-lo.krakow.pl\/index.php?rest_route=\/wp\/v2\/pages"}],"about":[{"href":"https:\/\/vii-lo.krakow.pl\/index.php?rest_route=\/wp\/v2\/types\/page"}],"author":[{"embeddable":true,"href":"https:\/\/vii-lo.krakow.pl\/index.php?rest_route=\/wp\/v2\/users\/3"}],"replies":[{"embeddable":true,"href":"https:\/\/vii-lo.krakow.pl\/index.php?rest_route=%2Fwp%2Fv2%2Fcomments&post=626"}],"version-history":[{"count":23,"href":"https:\/\/vii-lo.krakow.pl\/index.php?rest_route=\/wp\/v2\/pages\/626\/revisions"}],"predecessor-version":[{"id":5931,"href":"https:\/\/vii-lo.krakow.pl\/index.php?rest_route=\/wp\/v2\/pages\/626\/revisions\/5931"}],"wp:attachment":[{"href":"https:\/\/vii-lo.krakow.pl\/index.php?rest_route=%2Fwp%2Fv2%2Fmedia&parent=626"}],"curies":[{"name":"wp","href":"https:\/\/api.w.org\/{rel}","templated":true}]}}