{"id":628,"date":"2021-02-24T10:28:41","date_gmt":"2021-02-24T09:28:41","guid":{"rendered":"https:\/\/vii-lo.krakow.pl\/?page_id=628"},"modified":"2025-09-18T06:58:15","modified_gmt":"2025-09-18T04:58:15","slug":"sekcja-siatkowki","status":"publish","type":"page","link":"https:\/\/vii-lo.krakow.pl\/?page_id=628","title":{"rendered":"Sekcja siatk\u00f3wki"},"content":{"rendered":"\n<div class=\"wp-block-image is-style-default\"><figure class=\"aligncenter size-large\"><img loading=\"lazy\" width=\"1024\" height=\"576\" src=\"https:\/\/vii-lo.krakow.pl\/wp-content\/uploads\/2021\/03\/Siatkowka-VII-LO-treningi-1024x576.jpg\" alt=\"Siatk\u00f3wka VII LO treningi\" class=\"wp-image-917\" srcset=\"https:\/\/vii-lo.krakow.pl\/wp-content\/uploads\/2021\/03\/Siatkowka-VII-LO-treningi-1024x576.jpg 1024w, https:\/\/vii-lo.krakow.pl\/wp-content\/uploads\/2021\/03\/Siatkowka-VII-LO-treningi-300x169.jpg 300w, https:\/\/vii-lo.krakow.pl\/wp-content\/uploads\/2021\/03\/Siatkowka-VII-LO-treningi-768x432.jpg 768w, https:\/\/vii-lo.krakow.pl\/wp-content\/uploads\/2021\/03\/Siatkowka-VII-LO-treningi-1536x864.jpg 1536w, https:\/\/vii-lo.krakow.pl\/wp-content\/uploads\/2021\/03\/Siatkowka-VII-LO-treningi.jpg 1920w\" sizes=\"(max-width: 1024px) 100vw, 1024px\" \/><\/figure><\/div>\n\n\n\n<p>Od wielu lat szkolne dru\u017cyny siatk\u00f3wki dziewcz\u0105t i ch\u0142opc\u00f3w przyci\u0105gaj\u0105 pasjonat\u00f3w tej dyscypliny. Byli zawodnicy klubowi jak i osoby chc\u0105ce rozpocz\u0105\u0107 przygod\u0119 z siatk\u00f3wk\u0105 mog\u0105 rozwija\u0107 swe umiej\u0119tno\u015bci a potem reprezentowa\u0107 barwy VII LO w rozgrywkach mi\u0119dzyszkolnych. Uczniowie naszej Szko\u0142y mog\u0105 si\u0119 pochwali\u0107 wieloma sukcesami w walce o mistrzostwo Krakowa oraz Ma\u0142opolski.<\/p>\n\n\n\n<p>Masz pasj\u0119, chcesz sprawdzi\u0107 si\u0119 pod siatk\u0105 &#8211; zapraszamy.<\/p>\n\n\n\n<hr class=\"wp-block-separator has-text-color has-background\" style=\"background-color:#235787;color:#235787\"\/>\n\n\n\n<h3 class=\"has-text-align-center\">Sekcja siatk\u00f3wki 2025\/2026<\/h3>\n\n\n\n<p class=\"has-text-align-center\">wtorek 16:00-17:30 (dziewcz\u0119ta)<br>wtorek 17:30-19:00 (ch\u0142opcy)<\/p>\n\n\n\n<p class=\"has-text-align-center\">Centrum Sportu i Kultury VII LO w Krakowie<\/p>\n\n\n\n<p class=\"has-text-align-center\">Prowadz\u0105cy: mgr Pawe\u0142 Lisek<\/p>\n\n\n\n<hr class=\"wp-block-separator has-text-color has-background\" style=\"background-color:#235787;color:#235787\"\/>\n\n\n\n<h3 class=\"has-text-align-center\">Siatk\u00f3wka rekreacyjna 2025\/2026<\/h3>\n\n\n\n<p class=\"has-text-align-center\">czwartek 16:15-17:45 (dziewcz\u0119ta + ch\u0142opcy)<\/p>\n\n\n\n<p class=\"has-text-align-center\">Centrum Sportu i Kultury VII LO w Krakowie<\/p>\n\n\n\n<p class=\"has-text-align-center\">Prowadz\u0105ca: mgr Katarzyna Sierodzka-Wo\u017aniak<\/p>\n","protected":false},"excerpt":{"rendered":"<p>Od wielu lat szkolne dru\u017cyny siatk\u00f3wki dziewcz\u0105t i ch\u0142opc\u00f3w przyci\u0105gaj\u0105 pasjonat\u00f3w tej dyscypliny. Byli zawodnicy klubowi jak i osoby chc\u0105ce rozpocz\u0105\u0107 przygod\u0119 z siatk\u00f3wk\u0105 mog\u0105&hellip;<\/p>\n","protected":false},"author":3,"featured_media":0,"parent":0,"menu_order":0,"comment_status":"closed","ping_status":"closed","template":"","meta":{"spay_email":""},"_links":{"self":[{"href":"https:\/\/vii-lo.krakow.pl\/index.php?rest_route=\/wp\/v2\/pages\/628"}],"collection":[{"href":"https:\/\/vii-lo.krakow.pl\/index.php?rest_route=\/wp\/v2\/pages"}],"about":[{"href":"https:\/\/vii-lo.krakow.pl\/index.php?rest_route=\/wp\/v2\/types\/page"}],"author":[{"embeddable":true,"href":"https:\/\/vii-lo.krakow.pl\/index.php?rest_route=\/wp\/v2\/users\/3"}],"replies":[{"embeddable":true,"href":"https:\/\/vii-lo.krakow.pl\/index.php?rest_route=%2Fwp%2Fv2%2Fcomments&post=628"}],"version-history":[{"count":18,"href":"https:\/\/vii-lo.krakow.pl\/index.php?rest_route=\/wp\/v2\/pages\/628\/revisions"}],"predecessor-version":[{"id":5938,"href":"https:\/\/vii-lo.krakow.pl\/index.php?rest_route=\/wp\/v2\/pages\/628\/revisions\/5938"}],"wp:attachment":[{"href":"https:\/\/vii-lo.krakow.pl\/index.php?rest_route=%2Fwp%2Fv2%2Fmedia&parent=628"}],"curies":[{"name":"wp","href":"https:\/\/api.w.org\/{rel}","templated":true}]}}