{"id":681,"date":"2021-02-25T08:06:16","date_gmt":"2021-02-25T07:06:16","guid":{"rendered":"https:\/\/vii-lo.krakow.pl\/?page_id=681"},"modified":"2021-02-25T08:06:18","modified_gmt":"2021-02-25T07:06:18","slug":"regulaminy-biblioteka","status":"publish","type":"page","link":"https:\/\/vii-lo.krakow.pl\/?page_id=681","title":{"rendered":"Regulaminy &#8211; biblioteka"},"content":{"rendered":"\n<ul><li><a href=\"https:\/\/vii-lo.krakow.pl\/?page_id=683\" rel=\"nofollow\" title=\"https:\/\/vii-lo.krakow.pl\/?page_id=683\">Regulamin wypo\u017cyczalni<\/a><\/li><li><a href=\"https:\/\/vii-lo.krakow.pl\/?page_id=685\" rel=\"nofollow\">Aneks do Regulaminu wypo\u017cyczalni<\/a><\/li><li><a href=\"https:\/\/vii-lo.krakow.pl\/?page_id=687\" rel=\"nofollow\" title=\"https:\/\/vii-lo.krakow.pl\/?page_id=687\">Regulamin czytelni<\/a><\/li><li><a href=\"https:\/\/vii-lo.krakow.pl\/?page_id=689\" rel=\"nofollow\" title=\"https:\/\/vii-lo.krakow.pl\/?page_id=689\">Regulamin korzystania z komputer\u00f3w w czytelni<\/a><\/li><\/ul>\n\n\n\n<p><\/p>\n","protected":false},"excerpt":{"rendered":"<p>Regulamin wypo\u017cyczalni Aneks do Regulaminu wypo\u017cyczalni Regulamin czytelni Regulamin korzystania z komputer\u00f3w w czytelni<\/p>\n","protected":false},"author":3,"featured_media":0,"parent":0,"menu_order":0,"comment_status":"closed","ping_status":"closed","template":"","meta":{"spay_email":""},"_links":{"self":[{"href":"https:\/\/vii-lo.krakow.pl\/index.php?rest_route=\/wp\/v2\/pages\/681"}],"collection":[{"href":"https:\/\/vii-lo.krakow.pl\/index.php?rest_route=\/wp\/v2\/pages"}],"about":[{"href":"https:\/\/vii-lo.krakow.pl\/index.php?rest_route=\/wp\/v2\/types\/page"}],"author":[{"embeddable":true,"href":"https:\/\/vii-lo.krakow.pl\/index.php?rest_route=\/wp\/v2\/users\/3"}],"replies":[{"embeddable":true,"href":"https:\/\/vii-lo.krakow.pl\/index.php?rest_route=%2Fwp%2Fv2%2Fcomments&post=681"}],"version-history":[{"count":1,"href":"https:\/\/vii-lo.krakow.pl\/index.php?rest_route=\/wp\/v2\/pages\/681\/revisions"}],"predecessor-version":[{"id":692,"href":"https:\/\/vii-lo.krakow.pl\/index.php?rest_route=\/wp\/v2\/pages\/681\/revisions\/692"}],"wp:attachment":[{"href":"https:\/\/vii-lo.krakow.pl\/index.php?rest_route=%2Fwp%2Fv2%2Fmedia&parent=681"}],"curies":[{"name":"wp","href":"https:\/\/api.w.org\/{rel}","templated":true}]}}