{"id":885,"date":"2021-02-28T10:09:02","date_gmt":"2021-02-28T09:09:02","guid":{"rendered":"https:\/\/vii-lo.krakow.pl\/?page_id=885"},"modified":"2023-12-21T15:58:14","modified_gmt":"2023-12-21T14:58:14","slug":"gazeta-uczniowska","status":"publish","type":"page","link":"https:\/\/vii-lo.krakow.pl\/?page_id=885","title":{"rendered":"Gazeta uczniowska"},"content":{"rendered":"\n<p>Uczniowska gazetka Si\u00f3demki pojawia si\u0119 w przestrzeni szkolnej i znika niemal\u017ce jak fatamorgana. Nie ma sta\u0142ego szyldu, tytu\u0142u ani sk\u0142adu, r\u00f3wnie\u017c forma (cho\u0107 w wi\u0119kszo\u015bci wyda\u0144 papierowa) zmienia si\u0119 w zwi\u0105zku ze zmiennymi (zw\u0142aszcza ostatnio&#8230;) uwarunkowaniami zewn\u0119trznymi. A je\u017celi chodzi o cz\u0119stotliwo\u015b\u0107 kolejnych edycji, to my\u015bl\u0119, \u017ce \u017caden, najzdolniejszy nawet, matematyk nie zdo\u0142a\u0142by poda\u0107 wzoru, kt\u00f3ry pozwoli\u0142by, w przybli\u017ceniu chocia\u017c, okre\u015bli\u0107 dat\u0119 wydania nast\u0119pnego numeru Si\u00f3demkowego pisma.<\/p>\n\n\n\n<p>W ca\u0142ej tej zmienno\u015bci istnieje jednak jeden element sta\u0142y &#8211; gazetka zawsze jest wydawana tylko wtedy, je\u015bli pojawi\u0105 si\u0119 uczniowie, kt\u00f3rzy potrzebuj\u0105 poprzez ni\u0105 si\u0119 wypowiedzie\u0107. To oni bior\u0105 na swe barki trosk\u0119 o kszta\u0142t wydania, dotrzymanie termin\u00f3w, przygotowanie sk\u0142adu i tym podobne sprawy. I niewa\u017cne czy s\u0105 humanistami, matematykami, czy te\u017c biologami &#8211; je\u015bli odkryj\u0105 w sobie tego specyficznego bakcyla, potrafi\u0105 pokona\u0107 wiele przeciwno\u015bci.<\/p>\n\n\n\n<p>Zawsze r\u00f3wnie\u017c mog\u0105 liczy\u0107 na \u017cyczliw\u0105 pomoc i opiek\u0119 troskliwego akuszera &#8211; polonist\u0119 <strong>Roberta Wilka<\/strong>.<\/p>\n\n\n\n<hr class=\"wp-block-separator has-text-color has-background\" style=\"background-color:#235787;color:#235787\"\/>\n\n\n\n<div class=\"wp-block-image\"><figure class=\"aligncenter size-medium\"><img loading=\"lazy\" width=\"300\" height=\"169\" src=\"https:\/\/vii-lo.krakow.pl\/wp-content\/uploads\/2021\/03\/SpoZa-logo-300x169.jpg\" alt=\"SpoZa logo\" class=\"wp-image-925\" srcset=\"https:\/\/vii-lo.krakow.pl\/wp-content\/uploads\/2021\/03\/SpoZa-logo-300x169.jpg 300w, https:\/\/vii-lo.krakow.pl\/wp-content\/uploads\/2021\/03\/SpoZa-logo-1024x576.jpg 1024w, https:\/\/vii-lo.krakow.pl\/wp-content\/uploads\/2021\/03\/SpoZa-logo-768x432.jpg 768w, https:\/\/vii-lo.krakow.pl\/wp-content\/uploads\/2021\/03\/SpoZa-logo-1536x864.jpg 1536w, https:\/\/vii-lo.krakow.pl\/wp-content\/uploads\/2021\/03\/SpoZa-logo.jpg 1920w\" sizes=\"(max-width: 300px) 100vw, 300px\" \/><\/figure><\/div>\n\n\n\n<p class=\"has-text-align-center\">Obecnie dzia\u0142amy w sk\u0142adzie 2022\/2023:<\/p>\n\n\n\n<p class=\"has-text-align-center\"><strong>Opiekunka redakcji: <\/strong>Ewa Dryjka<\/p>\n\n\n\n<p class=\"has-text-align-center\"><strong>Redaktor naczelny:<\/strong> Oskar Krzywda<\/p>\n\n\n\n<p class=\"has-text-align-center\"><strong>Redaktorzy:<\/strong> Anna Mas\u0142o\u0144, Mateusz Jarzy\u0142o, Alicja Wilk<\/p>\n\n\n\n<p class=\"has-text-align-center\"><strong>Grafika:<\/strong> Nina Sagan, Milena Plebankiewicz, Oskar Krzywda<\/p>\n\n\n\n<p class=\"has-text-align-center\"><strong>Media spo\u0142eczno\u015bciowe: <\/strong>Iga Nikolow<\/p>\n\n\n\n<p class=\"has-text-align-center\"><a href=\"mailto:gazetka.spoza@gmail.com\" title=\"mailto:gazetka.spoza@gmail.com\" target=\"_blank\" rel=\"noreferrer noopener\">Napisz do Redakcji<\/a><\/p>\n\n\n\n<hr class=\"wp-block-separator has-text-color has-background\" style=\"background-color:#235787;color:#235787\"\/>\n\n\n\n<div class=\"wp-block-buttons is-content-justification-center\">\n<div class=\"wp-block-button is-style-fill\"><a class=\"wp-block-button__link has-vivid-red-background-color has-background\" href=\"https:\/\/7liceumwkrakowie-my.sharepoint.com\/:b:\/g\/personal\/m_sobczak_vii-lo_krakow_pl\/Ebxz3Vh-HPJNuCSuRS45uDUBy99-etccngmOI_Pyu_mWRw\" target=\"_blank\" rel=\"noreferrer noopener\">Zobacz aktualny numer<\/a><\/div>\n<\/div>\n\n\n\n<hr class=\"wp-block-separator has-text-color has-background\" style=\"background-color:#235787;color:#235787\"\/>\n\n\n\n<h3>Gazeta uczniowska &#8211; numery archiwalne<\/h3>\n\n\n\n<ul><li><a href=\"https:\/\/7liceumwkrakowie-my.sharepoint.com\/:b:\/g\/personal\/m_sobczak_vii-lo_krakow_pl\/EUqI6ZJKDxJCuWNdOz9OFp4B3NB1URFCIYl0Iv8aZn_jxg?e=dbbWmG\" target=\"_blank\" rel=\"noreferrer noopener\">Spoza nr 2 2022\/2023<\/a><\/li><li><a href=\"https:\/\/7liceumwkrakowie-my.sharepoint.com\/:b:\/g\/personal\/m_sobczak_vii-lo_krakow_pl\/EYWStcb2WsJCsQNKBj9-Sq8B_UaOBV_wXm4OBTo9OO5NUA?e=UWrpkR\" target=\"_blank\" rel=\"noreferrer noopener\">Spoza nr 1 2022\/2023<\/a><\/li><\/ul>\n\n\n\n<p><\/p>\n\n\n\n<ul><li><a href=\"https:\/\/7liceumwkrakowie-my.sharepoint.com\/:b:\/g\/personal\/k_tulej_vii-lo_krakow_pl\/EXgFx_mhGfZFmwTE0cBItu8Bpa2XC59tmL5zrCu0YNAJxA?e=qJaFUB\" target=\"_blank\" rel=\"noreferrer noopener\">Spoza nr 2 2021\/2022<\/a><\/li><li><a href=\"https:\/\/7liceumwkrakowie-my.sharepoint.com\/:b:\/g\/personal\/k_tulej_vii-lo_krakow_pl\/ETXrDTPZZf5KmRA4TioW6ocBeGcb-iG8oGaFp47GrINYXg?e=78UJQk\" target=\"_blank\" rel=\"noreferrer noopener\">Spoza nr 1 2021\/2022<\/a><\/li><\/ul>\n\n\n\n<p><\/p>\n\n\n\n<ul><li><a href=\"https:\/\/7liceumwkrakowie-my.sharepoint.com\/:b:\/g\/personal\/k_tulej_vii-lo_krakow_pl\/Ed54bXrgoW1JqZiBvzpKPJIB6Wfw_0EQ2iUtxXW_GBRn_A?e=sBbedO\" target=\"_blank\" rel=\"noreferrer noopener\">Spoza nr 3 2020\/2021<\/a><\/li><li><a href=\"https:\/\/7liceumwkrakowie-my.sharepoint.com\/:b:\/g\/personal\/k_tulej_vii-lo_krakow_pl\/ERGdnSL70E5ApZADF47ZghMB5ZsOjIAtXSBdfzsj3s46fw?e=7VqhnO\" target=\"_blank\" rel=\"noreferrer noopener\">Spoza nr 2 2020\/2021<\/a><\/li><li><a href=\"https:\/\/7liceumwkrakowie-my.sharepoint.com\/:b:\/g\/personal\/k_tulej_vii-lo_krakow_pl\/Eb5y-65ygvhDmh2dQDwp9LAB9LG9Vhb8EBAsOisUAUwIRw?e=g4BK80\" target=\"_blank\" rel=\"noreferrer noopener\" title=\"https:\/\/7liceumwkrakowie-my.sharepoint.com\/:b:\/g\/personal\/k_tulej_vii-lo_krakow_pl\/Eb5y-65ygvhDmh2dQDwp9LAB9LG9Vhb8EBAsOisUAUwIRw?e=g4BK80\">Spoza nr 1 2020\/2021<\/a><\/li><\/ul>\n\n\n\n<hr class=\"wp-block-separator has-text-color has-background\" style=\"background-color:#235787;color:#235787\"\/>\n\n\n\n<h3>Gazeta Mi\u0119dzyszkolna<\/h3>\n\n\n\n<p>Mi\u0119dzyszkolna inicjatywa po\u0142\u0105czonych si\u0142 uczniowskich dziennikarzy z Krakowa nosi tytu\u0142 &#8222;Gazetka mi\u0119dzyszkolna&#8221;. Jej tworzeniu towarzyszy\u0142a naczelna redaktorka Si\u00f3demkowej gazety &#8222;Spoza&#8221; &#8211; Sofia Guk. W pierwszym numerze mo\u017cna przeczyta\u0107 artyku\u0142 naszej uczennicy &#8211; Karoliny Kr\u0119\u017co\u0142ek.<\/p>\n\n\n\n<div class=\"wp-block-file\"><a href=\"https:\/\/vii-lo.krakow.pl\/wp-content\/uploads\/2021\/11\/Miedzyszkolna-2021.pdf\">Mi\u0119dzyszkolna 2021<\/a><a href=\"https:\/\/vii-lo.krakow.pl\/wp-content\/uploads\/2021\/11\/Miedzyszkolna-2021.pdf\" class=\"wp-block-file__button\" download>Pobierz<\/a><\/div>\n","protected":false},"excerpt":{"rendered":"<p>Uczniowska gazetka Si\u00f3demki pojawia si\u0119 w przestrzeni szkolnej i znika niemal\u017ce jak fatamorgana. Nie ma sta\u0142ego szyldu, tytu\u0142u ani sk\u0142adu, r\u00f3wnie\u017c forma (cho\u0107 w wi\u0119kszo\u015bci&hellip;<\/p>\n","protected":false},"author":3,"featured_media":0,"parent":0,"menu_order":0,"comment_status":"closed","ping_status":"closed","template":"","meta":{"spay_email":""},"_links":{"self":[{"href":"https:\/\/vii-lo.krakow.pl\/index.php?rest_route=\/wp\/v2\/pages\/885"}],"collection":[{"href":"https:\/\/vii-lo.krakow.pl\/index.php?rest_route=\/wp\/v2\/pages"}],"about":[{"href":"https:\/\/vii-lo.krakow.pl\/index.php?rest_route=\/wp\/v2\/types\/page"}],"author":[{"embeddable":true,"href":"https:\/\/vii-lo.krakow.pl\/index.php?rest_route=\/wp\/v2\/users\/3"}],"replies":[{"embeddable":true,"href":"https:\/\/vii-lo.krakow.pl\/index.php?rest_route=%2Fwp%2Fv2%2Fcomments&post=885"}],"version-history":[{"count":21,"href":"https:\/\/vii-lo.krakow.pl\/index.php?rest_route=\/wp\/v2\/pages\/885\/revisions"}],"predecessor-version":[{"id":4049,"href":"https:\/\/vii-lo.krakow.pl\/index.php?rest_route=\/wp\/v2\/pages\/885\/revisions\/4049"}],"wp:attachment":[{"href":"https:\/\/vii-lo.krakow.pl\/index.php?rest_route=%2Fwp%2Fv2%2Fmedia&parent=885"}],"curies":[{"name":"wp","href":"https:\/\/api.w.org\/{rel}","templated":true}]}}